 -1, -s = -5*p - 3*c. Is p a multiple of 4?
False
Let y be (0 + 1 + 0)/1. Let s = 1 + y. Is 8 a factor of 2/s + 14/2?
True
Is 4/(108/(-112) - -1) a multiple of 28?
True
Let v(y) = -14*y + 4. Let x be v(-3). Suppose -l = 10 - x. Does 13 divide l?
False
Let u(m) = -m**3 - 11*m**2 - 6*m + 8. Is 28 a factor of u(-12)?
True
Suppose -5*q + 5*o = 2*o - 16, 3*q + 4*o = -2. Let s be (1/q)/(1/2). Suppose -s = -h + 20. Does 9 divide h?
False
Does 32 divide 39/9 + -5 - (-826)/6?
False
Let v = 4 + -2. Suppose -31 = -v*n - d + 35, 0 = -5*d + 10. Is 7 a factor of n?
False
Let d(l) be the second derivative of -l**5/20 - l**4/12 + 15*l**2 + 2*l. Is 15 a factor of d(0)?
True
Let q(t) be the third derivative of -5*t**4/12 + t**3/6 + 2*t**2. Let o be q(-2). Suppose -3*b + 15 = -r - 16, -3*r - o = -3*b. Is 10 a factor of b?
False
Let f = 24 + -16. Suppose i + 0*i = -f. Let b(l) = l**3 + 9*l**2 + 6*l - 4. Is 5 a factor of b(i)?
False
Suppose 10 = j + 3*m - m, 4*m = j - 10. Suppose 0*b = -b + 5, 5*b = 5*k - j. Does 2 divide k?
False
Suppose w + 2*w - 2*r = 113, -3*r - 3 = 0. Is w a multiple of 8?
False
Let t = 9 - -1. Let z = t + 6. Is 10 a factor of z?
False
Is 11 a factor of (-2)/3 - (-104)/3?
False
Let v = 2 + 5. Let c = -5 + v. Let i(u) = 8*u**2 + u - 2. Is i(c) a multiple of 14?
False
Suppose 0*v = -2*v + 198. Is v a multiple of 33?
True
Let x = 259 + -160. Is 19 a factor of x?
False
Suppose -2*f = -3*z + f, 2*z = -4*f + 24. Suppose -3*p = 4*g - 4, 3*p - z = -5*g - 2. Suppose 5*d = 2*y - 49, -y - p*d + d = -30. Does 9 divide y?
True
Suppose 5*l = z - 50, -3*l - 133 = -3*z + 5. Suppose 5*k + 0 = z. Does 8 divide k?
False
Is 6 a factor of -4*1/10 - 192/(-30)?
True
Does 28 divide ((-6)/(-2))/(((-162)/(-1986))/9)?
False
Suppose -19*g + 22*g + 66 = 0. Is 11 a factor of (3 - 1) + -5 - g?
False
Is 96/5 - 12/60 a multiple of 5?
False
Suppose 4*o - o + x = 313, -5*x = o - 109. Is o a multiple of 13?
True
Suppose -3*h = -4*h - 2. Let d be 22/(-5) - h/5. Let y(f) = -f**3 - 3*f**2 - 5*f - 4. Does 17 divide y(d)?
False
Suppose -4*d + 2 = 14. Let k = -7 - d. Does 4 divide ((-36)/(-9))/((-2)/k)?
True
Suppose -2*d = 8 - 24. Suppose 0 = -j - 2*j. Suppose j*o = -o + d. Is 8 a factor of o?
True
Let y = 39 - 8. Does 5 divide y?
False
Suppose 26*f - 28*f + 200 = 0. Does 20 divide f?
True
Let s(g) = g**3 - 3*g**2 + 2. Is s(5) a multiple of 13?
True
Is 5 a factor of 360/(-27)*6/(-4)?
True
Let q(h) = 631*h + 3. Let c be q(3). Does 13 divide c/40 + (-2)/5?
False
Let w(t) = t + 4. Let h be w(-3). Let n be (1/h)/((-5)/205). Let o = -29 - n. Is 8 a factor of o?
False
Let z(f) = 4*f**2 - 4*f - 1. Suppose -6*q - 25 = -q. Let o = 8 + q. Is 8 a factor of z(o)?
False
Let b(v) = v**3 + 8*v**2 - 3*v + 2. Suppose 5*s + 21 + 19 = 0. Does 19 divide b(s)?
False
Suppose 7*x + k - 9 = 4*x, 3*x - 9 = 3*k. Let p(f) = f**2 + f - 1. Is p(x) a multiple of 5?
False
Suppose -4 + 14 = -2*f. Is (-2)/10 + (-26)/f a multiple of 3?
False
Suppose 0 = -4*f - 5*g + 55 - 8, 0 = 5*f - 5*g - 70. Let o = f - 9. Suppose -o*v + 21 = -v. Is v a multiple of 5?
False
Let i(k) = 21*k + 14. Is 28 a factor of i(6)?
True
Let l = 29 - -25. Let q = -30 + l. Is 8 a factor of q?
True
Does 52 divide 2/(-9) - (-33744)/216?
True
Let x(y) be the second derivative of 5*y**4/12 - y**3/6 + y**2/2 + 4*y. Is 2 a factor of x(1)?
False
Let x(a) be the second derivative of a**3/6 + 11*a**2 + 6*a. Does 8 divide x(-14)?
True
Let c = -31 + 367. Does 14 divide c?
True
Suppose -11*t + 8*t + 180 = 0. Is t a multiple of 34?
False
Is -3 - (3 + -3) - -143 a multiple of 35?
True
Suppose -3*g = 2*z - 50, g = -2*z + 9 + 9. Is 6 a factor of g?
False
Suppose 0 = -w - 2*w - 180. Let k = w + 93. Suppose -4*g + 31 + k = 0. Is g a multiple of 16?
True
Suppose 4*n = -1 - 63. Let t be (3/(-2))/((-6)/n). Let a(l) = l**2 - 4*l + 1. Is 12 a factor of a(t)?
False
Let b(l) = -24*l. Let k(w) = -24*w - 1. Let s(y) = 3*b(y) - 2*k(y). Let a be s(-2). Suppose 2*u + 3*u = a. Is 10 a factor of u?
True
Let w(s) = 18*s**2 - 4*s - 4. Does 15 divide w(-2)?
False
Let v(n) = -n + 2. Let k be v(14). Let p(h) = h**2 + 10*h - 3. Is p(k) a multiple of 7?
True
Suppose -5*a + 455 = 4*h, 2*a + 2*a + 3*h - 365 = 0. Does 19 divide a?
True
Let f = 2 - 2. Let l be 2/1*(f + 2). Suppose -5*a - l*r = -64, -5*a - r + 96 = -5*r. Does 8 divide a?
True
Let p(m) = m**3 - 2*m**2 - 3. Let w be p(3). Is (-1)/w - 1141/(-42) a multiple of 9?
True
Let s(p) = -p**3 + p**2 + 3. Let r be s(0). Suppose -d = r*d. Suppose -w + d*w = -55. Is w a multiple of 22?
False
Let v be (12/9)/(4/18). Suppose -v*n = -n - 65. Does 13 divide n?
True
Let w be 0/(2*(-1 + 0)). Let s be 27*((-6)/(-9) - w). Is 7 a factor of ((-6)/(-4))/(s/168)?
True
Let p(a) = -35*a**2 - 1 + 4*a - 1 - 3*a + 116*a**2. Does 26 divide p(1)?
False
Suppose -4*n + 48 = -n. Is n a multiple of 15?
False
Let k = -2 - -15. Does 13 divide k?
True
Let t(z) = 3*z - 1. Let l be t(1). Let x be 5 + -7 - 6/l. Let s = x + 43. Is s a multiple of 19?
True
Let g be (-1)/(-2)*(24 - -4). Suppose h + g = 2*n + 4*h, -20 = 5*h. Is n a multiple of 9?
False
Let v(c) = 8*c**2 + 6*c. Is v(4) a multiple of 19?
True
Let a(q) = -q**2 + 6*q + 3. Let d be a(8). Let h = 8 - d. Suppose 0 = -3*m + h + 15. Is 6 a factor of m?
True
Let y(x) = -4*x - 3. Let k be y(-6). Suppose 5*r = 4 + k. Suppose -4*j + 68 = -3*c, 3*c = -r*j + c + 62. Is j a multiple of 14?
True
Suppose 2*m + m = -b - 112, 128 = -4*m + 4*b. Let p(h) = 9*h + 6. Let t be p(7). Let o = t + m. Is 10 a factor of o?
False
Let u be (5/(-4))/((-3)/12). Suppose 5 + u = 5*w. Suppose -w*m = m - 96. Is 13 a factor of m?
False
Let u be 163/(-2) - (-3)/(-6). Let j = 118 + u. Is 9 a factor of j?
True
Let j(d) = 3*d**2 - 8*d + 13. Is j(4) a multiple of 4?
False
Let k(t) = t**3 + 11*t**2 - 5*t - 5. Does 26 divide k(-8)?
False
Does 3 divide 2 - (38/(-2) - 2)?
False
Suppose -d = 4*h - 35, 0 = 5*d - 0*d + 2*h - 211. Does 12 divide d?
False
Suppose -y + 8 - 20 = 0. Is 6 a factor of (32/y)/(1/(-3))?
False
Let l = 215 - 103. Does 11 divide l/5 + (-12)/30?
True
Let f = 9 - 5. Suppose f*b - a = -0*b + 64, 4*b - 5*a - 80 = 0. Is 15 a factor of b?
True
Suppose 0*i - 3*i + 69 = -2*z, 0 = -4*i + 3*z + 92. Is 23 a factor of i?
True
Suppose -15 = 4*p - 83. Is p a multiple of 17?
True
Suppose -5*n = -3*n - 8, -3*j + 4*n = -50. Suppose -15 = 5*k - 3*t, -3*k = -2*k + 2*t - 10. Suppose -4*x - b = -j - 29, -2*b - 10 = k. Is 7 a factor of x?
True
Suppose 0*n = -3*n + 45. Does 5 divide n?
True
Suppose -q = -0*q. Suppose 4*v - 3 = -23, 0 = -4*p - v + 295. Suppose p = -4*j + r + 180, q = 2*r - 6. Does 12 divide j?
False
Let n = -5 + -1. Let f be 1/2 - (-3)/n. Suppose -5*o - z + 43 + 221 = f, 51 = o + 2*z. Does 15 divide o?
False
Let h(l) = -9*l - 6. Let x be h(-6). Suppose -r - 16 = -x. Is r a multiple of 16?
True
Let z(x) = -x**2 - 7*x + 1. Let i be z(-6). Suppose -4*f + i = -81. Is 11 a factor of f?
True
Let x = 111 - 69. Is x a multiple of 16?
False
Suppose -21 + 393 = 6*z. Does 15 divide z?
False
Suppose x - 4 = 10. Let u(y) = -y**3 + 15*y**2 - 8*y + 15. Is 27 a factor of u(x)?
False
Suppose 4*d - 15 = -d. Suppose -d*i + 6*i + 349 = 4*v, 3*v - 5*i - 259 = 0. Is v a multiple of 15?
False
Suppose 3*s + h - 95 = 0, 6*s - 155 = s - h. Is 23 a factor of s?
False
Suppose -5*r + 6 - 26 = 0. Let f(h) be the first derivative of h**3/3 + 3*h**2/2 + 4*h + 4. Is 3 a factor of f(r)?
False
Let m(p) = -p - 3. Let l be m(-3). Suppose l = 3*c - 6*c + 33. Is c a multiple of 3?
False
Suppose 2*o = -o + 9. Let q(t) = o*t + 5*t - 2*t + t**2 + 9. Does 8 divide q(-7)?
True
Let h(g) = -101*g**3 + g**2 + g + 1. Let o = -5 + 4. Let n be h(o). Suppose -3*q - 42 = -n. Is q a multiple of 10?
True
Let d = 293 - 140. Suppose -5*o - a + d = 0, -2*o - 5*a + 58 = 6. Is o a multiple of 13?
False
Suppose -85 = -3*q + 17. Is q a multiple of 12?
False
Suppose 4*i = -129 + 689. Suppose 6*q - i = q. Is 14 a factor of q?
True
Let q(n) = -n**3 - 5*n**2 + 7. Let m be q(-5). Let w(z) = z**3 + 5*z**2 - 7. Let a be w(-5). Let d = m - a. Is 7 a factor of d?
True
Suppose -4*k - 2*k = -858. Is k a multiple of 13?
True
Suppose -2*r + 6 = 2*p, -2*r + 3*r - 12 = -4*p. Let a be 5/(1*(1 - r)). Suppose -165 = a*q - 430. Is q a multiple of 18?
False
Let i(h) be the second derivative of -h**3/6 + 4*h**2 - 